{"id":2,"date":"2016-05-10T03:48:21","date_gmt":"2016-05-10T03:48:21","guid":{"rendered":"http:\/\/jaworkiamon.pl\/?page_id=2"},"modified":"2018-07-27T11:34:54","modified_gmt":"2018-07-27T11:34:54","slug":"sample-page","status":"publish","type":"page","link":"https:\/\/jaworkiamon.pl\/","title":{"rendered":""},"content":{"rendered":"<p>&nbsp;<\/p>\n<blockquote><p><img loading=\"lazy\" class=\"wp-image-904 size-medium alignleft\" src=\"https:\/\/jaworkiamon.pl\/wp-content\/uploads\/2018\/07\/loranty-grzybobranie-300x169.jpg\" alt=\"\" width=\"300\" height=\"169\" srcset=\"https:\/\/jaworkiamon.pl\/wp-content\/uploads\/2018\/07\/loranty-grzybobranie-300x169.jpg 300w, https:\/\/jaworkiamon.pl\/wp-content\/uploads\/2018\/07\/loranty-grzybobranie-768x432.jpg 768w, https:\/\/jaworkiamon.pl\/wp-content\/uploads\/2018\/07\/loranty-grzybobranie-1024x576.jpg 1024w, https:\/\/jaworkiamon.pl\/wp-content\/uploads\/2018\/07\/loranty-grzybobranie-400x225.jpg 400w, https:\/\/jaworkiamon.pl\/wp-content\/uploads\/2018\/07\/loranty-grzybobranie.jpg 1920w\" sizes=\"(max-width: 300px) 100vw, 300px\" \/><\/p>\n<h6 class=\"entry-title\">Dariusz Loranty \u201ekosi\u201d grzyby w Pieninach i beztrosko wypoczywa w \u201eAmonie\u201d pod piramid\u0105.<\/p>\n<p>Samoch\u00f3d zapakowany po brzegi grzybami wr\u00f3ci\u0142 do Warszawy. Dariusz Loranty pod wra\u017ceniem go\u015bcinno\u015bci pieni\u0144skiej. \u201eAle b\u0119d\u0105 mi w tej Warszawie zazdro\u015bci\u0107\u201d \u2013 zobaczcie, jak\u00a0oficer policji w stopniu nadkomisarza wytropi\u0142 grzyby w Jaworkach.<\/h6>\n<\/blockquote>\n<p>&nbsp;<\/p>\n","protected":false},"excerpt":{"rendered":"<p>&nbsp; Dariusz Loranty \u201ekosi\u201d grzyby w Pieninach i beztrosko wypoczywa w \u201eAmonie\u201d pod piramid\u0105. Samoch\u00f3d zapakowany po brzegi grzybami wr\u00f3ci\u0142<\/p>\n","protected":false},"author":1,"featured_media":0,"parent":0,"menu_order":0,"comment_status":"closed","ping_status":"open","template":"","meta":[],"_links":{"self":[{"href":"https:\/\/jaworkiamon.pl\/index.php?rest_route=\/wp\/v2\/pages\/2"}],"collection":[{"href":"https:\/\/jaworkiamon.pl\/index.php?rest_route=\/wp\/v2\/pages"}],"about":[{"href":"https:\/\/jaworkiamon.pl\/index.php?rest_route=\/wp\/v2\/types\/page"}],"author":[{"embeddable":true,"href":"https:\/\/jaworkiamon.pl\/index.php?rest_route=\/wp\/v2\/users\/1"}],"replies":[{"embeddable":true,"href":"https:\/\/jaworkiamon.pl\/index.php?rest_route=%2Fwp%2Fv2%2Fcomments&post=2"}],"version-history":[{"count":25,"href":"https:\/\/jaworkiamon.pl\/index.php?rest_route=\/wp\/v2\/pages\/2\/revisions"}],"predecessor-version":[{"id":913,"href":"https:\/\/jaworkiamon.pl\/index.php?rest_route=\/wp\/v2\/pages\/2\/revisions\/913"}],"wp:attachment":[{"href":"https:\/\/jaworkiamon.pl\/index.php?rest_route=%2Fwp%2Fv2%2Fmedia&parent=2"}],"curies":[{"name":"wp","href":"https:\/\/api.w.org\/{rel}","templated":true}]}}